i + 1 - 9*i + i + s*i. What is r(n)?
11
Let x(p) = 4 + 4 + p**3 - 6*p + 2*p**2 - 6 + 3*p**2. Let o(h) = -h + 5 - 5 + h**3. Let b be o(-2). Give x(b).
2
Let q = -14 - -16. Suppose p = 5*f + 38, 2*f - 3*f - q = -3*p. Let t(a) be the second derivative of a**3/3 + 5*a**2/2 + 8*a. What is t(f)?
-11
Let v(j) = -4*j - 22*j + 17341*j**2 + 13 - 17348*j**2 + j**3 + 4*j. Calculate v(9).
-23
Let d(p) = 11*p - 79. Let i(k) = -k**2 - 85*k + 8. Let s be i(-85). Determine d(s).
9
Let g(l) be the first derivative of 1/4*l**4 + 3*l**3 + 79 - 11*l + 7/2*l**2. Calculate g(-8).
-3
Let x(s) = 8*s + 1. Suppose 4*h - 13 - 181 = 2*u, 5*u = 2*h - 109. Let q be (-2 + (2 - h))*-1. Suppose 3*n = -q + 41. Give x(n).
-15
Suppose 22*f - 4*b = 21*f + 346, 4*f = 3*b + 1397. Let i(r) = -1 + f*r**2 + r**3 - 708*r**2 + 352*r**2. Calculate i(6).
-1
Let g(f) = 3*f**3 + 5*f**2 - 5*f. Let q be g(3). Suppose -7*p + 937 = q. Let r(s) = 7*s - p + 113 - 6*s. Calculate r(5).
0
Let m(b) = b - 1. Let r(u) = 1. Let q(c) = 5*m(c) + 4*r(c). Let v(i) = i**2 + 14*i - 46. Let a be v(-17). What is q(a)?
24
Suppose -128*s + 12642 = -386*s. Let t(u) = -4*u - 192. Determine t(s).
4
Let m(f) = 7*f + 19. Let o = 12671 - 12663. Give m(o).
75
Let g(w) = w**3 + 2*w**2 - 5*w - 3. Let j be (-225)/(-45) - (5/5 - (-1 - -1)). Determine g(j).
73
Let i(s) be the second derivative of 3/2*s**2 + 5/6*s**3 + 1/3*s**4 + 2*s + 15. Give i(-3).
24
Suppose -20 = 2*n - 2*h, -3*n = 6*h - 3*h. Let b be (((-4)/n)/2)/(12/60). Let i(z) = 3*z**b - 2*z**2 + 6*z + 31 - 34. What is i(-5)?
-8
Let w be 1666/(-21)*15/(-10). Let b = -127 + w. Let i(j) = -j - 1. Calculate i(b).
7
Let p(q) be the third derivative of q**4/24 - 25*q**3/6 - 14*q**2 - 81. Calculate p(11).
-14
Let d(x) = -3*x**2 - x. Suppose -2*w + 384 = -8*w. Suppose 2*u + 44 - 36 = 0. Let j be 3/u*(w/12 + 4). Give d(j).
-4
Let l(v) be the second derivative of 11*v**3/6 + 55*v**2/2 + 5481*v. Determine l(-8).
-33
Let g(m) = m**2 - 8*m + 2. Let z be 10/(-2 - 27/(-12)). Suppose 0 = 5*x - 6*x. Suppose x = 6*t - 8 - z. Calculate g(t).
2
Let a(g) = 215*g - 655*g + 213*g - 2 + 222*g. Give a(3).
-17
Let h(a) be the third derivative of -5*a**4/6 - 35*a**3/6 - 50*a**2 + 45*a. What is h(-2)?
5
Let h(r) = 2*r**2 - r - 5. Let d(y) = 11*y**2 - 14*y + 42. Let c(u) = -d(u) + 6*h(u). Determine c(5).
-7
Let j(u) = 174*u - 1470. Let v(f) = 11*f - 91. Let i(s) = -2*j(s) + 33*v(s). Calculate i(4).
-3
Let s(i) = i**2 - i + 2. Suppose -2*z = 5*v + 1, -z - 755*v = -757*v + 5. Suppose 94 = -3*t + d + 1, 5*t + 3*d + 169 = 0. Let k be z/4 + 40/t. Calculate s(k).
8
Let x(t) be the second derivative of t**5/20 + 3*t**4/4 + 4*t**3/3 - 5*t**2/2 + 11*t. Suppose 7*q = 9*q - 74. Let p = q + -45. What is x(p)?
-5
Let y(o) = 17*o**3 + 6*o**2 - 5*o + 3. Let v(a) = 25*a**3 + 7*a**2 - 7*a + 1. Let x(i) = -2*v(i) + 3*y(i). What is x(-6)?
-59
Let q(x) = x**2 + x. Suppose 0 = -7*j + 8*j - 7. Let d be (1 - j)/((-3)/(-2)) - -4. Give q(d).
0
Let t(i) = -13 + 4*i - 9*i - 14 + 0*i - 18. Calculate t(-8).
-5
Let x(u) = -20*u**2 - 32*u + 68. Let m(p) = -25*p**2 - 40*p + 87. Let g(r) = 9*m(r) - 11*x(r). Determine g(3).
-34
Let p(q) = 17*q**3 + 9*q**2 - 27*q + 11. Let s(k) = -5*k**3 - 4*k**2 + 9*k - 4. Let r(g) = -2*p(g) - 7*s(g). Give r(-11).
-16
Let v(q) = q**2 - 5*q - 1. Let b be v(4). Let t be 0/((-9)/15*5). Let z(f) = -2 + 8*f**2 + f**3 - 6*f**2 + t*f**2 - 7*f + f**2. Determine z(b).
-17
Let x(z) = z**3 - 4*z**2 + 4*z - 1. Let t(g) = -784*g**2 - 5*g - 4. Let c be t(-1). Let f = 786 + c. Give x(f).
2
Let x(b) = -50*b - 40. Let m be (1/(-4))/((-10045)/(-196) + -51). What is x(m)?
10
Suppose 17 + 81 = 4*t + 18*i, -5*t - 5*i = -35. Let u(y) = y**3 - 8*y**2 + 6*y + 9. Let g be u(7). Let w(d) = -g*d + 0*d**3 + 3*d**2 + d**3 - 2*d**3. Give w(t).
0
Suppose 0 = 3*x + 3. Let n(t) = -5*t + 23. Let c(a) = -43*a + 219. Let h(b) = -2*c(b) + 19*n(b). Give h(x).
8
Let u(p) be the third derivative of 0 + 1/6*p**4 - 141*p**2 + 0*p - 1/2*p**3. Determine u(-4).
-19
Let d(z) = z + 7. Let o(l) = 2*l - 60. Let w be o(35). Suppose 0 = -w*c - 16*c - 104. What is d(c)?
3
Let z(h) = 35*h**2 + 11*h + 15. Let s(c) = -19*c**2 - 5*c - 7. Let v(u) = 13*s(u) + 6*z(u). Determine v(-1).
-39
Let a(r) = -r**3 - r**2 + 10*r + 1. Suppose 0 = 5*z + 11*z + 37 + 43. What is a(z)?
51
Let r(t) = t - 2. Let k(v) = v**3 - 18*v**2 + 35*v - 17. Let p(o) = -k(o) + 2*r(o). Give p(16).
-3
Let x be (-3 - -14*6/12) + -1*4. Let w(v) be the third derivative of -1/8*v**4 + x*v - 21*v**2 + 0 + 1/60*v**5 + 1/2*v**3. Calculate w(3).
3
Let w(f) be the second derivative of 217*f - 1/2*f**2 + 0 + 1/20*f**5 - 13/6*f**3 - 5/12*f**4. Determine w(7).
6
Let p(d) = -11*d - 260. Suppose -4*z + 4 = 2*w + 116, 106 = -4*z - w. Calculate p(z).
15
Let g(p) = p**3 - 18*p**2 - 2*p - 322. Let k be g(19). Let n(c) = 48*c - 52. Determine n(k).
-4
Let i(l) = l**2 + 2*l - 1. Let p(w) = w**3 + 12*w**2 - 9*w - 19. Let b be -10 - 1/((-1)/(-2)). Let f be p(b). Let d = f - 91. Give i(d).
-1
Let r(w) be the third derivative of -w**5/60 - w**4/8 + w**3/2 + w**2. Let f = -772 + 386. Let p = -391 - f. Calculate r(p).
-7
Let r(l) = -15*l + 4*l + l**3 + 11*l + 3 + 3*l + 7*l**2. Let x be r(-5). Let f(t) = 1 + 3*t + 73*t**2 - 36*t**2 - x*t**2. Determine f(-2).
-9
Suppose 2*w + 5 = -9. Let u(s) be the second derivative of -s**6/720 - s**5/120 + 70*s**4/3 + 278*s. Let f(i) be the third derivative of u(i). Determine f(w).
6
Let u(t) = -9 - 1200*t + 3608*t - 1204*t + 30 - 1196*t. Determine u(0).
21
Let z(g) = -3*g - 62. Let h be z(-24). Suppose -h*q - 120 = 10*q. Let i(x) = x + 7. What is i(q)?
1
Let n(d) = 7*d**2 - d + 22. Let f(k) = -19*k**2 + 2*k - 67. Let w(r) = -4*f(r) - 11*n(r). What is w(-4)?
-2
Let l = 4 + -11. Let d(j) = 10*j + 240. Let z be d(16). Let g(a) = -8*a**2 - 778 + 388 + z - 5*a - a**3. Give g(l).
-4
Let d(h) = -2*h**3 + 12*h**2 - 9*h - 3. Suppose -318*b = -320*b + 10. Suppose 5*l - b*p = -p + 21, 2*p = 4*l - 18. Determine d(l).
2
Suppose -u = -4*m + 20, -25 = -7*u + 3*u - 5*m. Suppose u = d - 243 - 82. Let n(a) = 0*a - d + a + 318. Determine n(10).
3
Let x(b) = b**3 + 5*b**2 + 5*b + 7. Let r = -501 + 498. Let l be (-5 + 20/3)*r. Give x(l).
-18
Let v be (-4404)/4037*(-3)/(12/22). Let z(b) = -b + 21. Calculate z(v).
15
Let c(v) = 34*v**2 + 11*v**2 + 0*v + 2*v + 53 + v**3 - 33*v**2 + 22*v**2. What is c(-34)?
-15
Let f(s) = -16*s - 111. Let t be 5/(-2)*2640/825. What is f(t)?
17
Let z be 92/28 + 1/((-7)/2). Let k(m) = -28*m + 14*m - z + 6*m. Calculate k(3).
-27
Let i(p) be the first derivative of p**5/60 - p**4/6 - 67*p**3/3 - 22. Let x(w) be the third derivative of i(w). Determine x(4).
4
Let x(a) be the third derivative of -a**5/60 - a**4/3 - 5*a**3/3 + 5*a**2. Suppose -u + 1 = n, 295*n - 293*n - 56 = 4*u. Give x(u).
-19
Let j(z) = -7*z + 10 - 55 + 120 + 3*z**2 - 48 - 47. Give j(-6).
130
Let h(l) be the third derivative of -l**5/15 - l**4/2 + 2*l**3 + 6539*l**2. What is h(-5)?
-28
Let x(b) = 20*b - 4. Suppose -59*m + 54*m = -4*g - 17, -5*g - 12 = 3*m. Give x(m).
16
Let l(t) be the third derivative of 0 + 0*t - 1/6*t**3 - 21*t**2. Let q(m) = 4*m + 2. Let n(x) = -6*l(x) - q(x). What is n(3)?
-8
Suppose -34*k + 31*k = u + 16, 3*u + 4*k = -28. Let t(n) = 4*n + 66. Calculate t(u).
50
Let g(l) = -2*l - 1. Let m be ((-7)/(-98)*7)/(1/(-2)). Let c(f) = 14*f + 4. Let b(p) = m*c(p) - 6*g(p). What is b(-1)?
4
Let i(w) = 31*w + 145. Let c(d) = 33*d + 178. Let f(x) = -5*c(x) + 6*i(x). Determine f(2).
22
Let m(w) be the second derivative of -w**5/20 + 2*w**4/3 - 5*w**3/2 + 28*w**2 - w - 3188. Determine m(7).
0
Suppose p - 3*p - 20 = 0. Let b(g) be the second derivative of g**5/20 + 11*g**4/12 + 3*g**3/2 - 7*g**2/2 - 43694*g. Determine b(p).
3
Let c be 3*7/((-63)/150). Let x = -106 - c. Let y = -67 - x. Let p(n) = n - 1. Give p(y).
-12
Let u = 16151 + -16154. Let c(j) = -j**3 - j**2 + 11*j + 8. Determine c(u).
-7
Let a(c) = -6*c + 251 - 334 + 112. What is a(5)?
-1
Let n(l) = -45*l + 821. Let x(h) = -2*h**2 - 9*h + 36. Let p be x(-6). Determine n(p).
11
Let k(y) be the third derivative of -y**5/20 + 7*y**4/24 + y**3/6 - 9*y**2 - 13. Let t(o) = o**3 + 5*o**2 - 7*o - 3. Let z be t(-6). Determine k(z).
-5
Let z(m) = 49*m + 7. Let f = 2137 - 2139. Determine z(f).
-91
Let n be ((-18)/(-6) - 5) + -1*4. Suppose 12 = 